{"id":1947,"date":"2024-10-22T07:04:03","date_gmt":"2024-10-22T07:04:03","guid":{"rendered":"https:\/\/nazmiakpinarproje.com.tr\/?page_id=1947"},"modified":"2024-10-22T07:05:23","modified_gmt":"2024-10-22T07:05:23","slug":"toplu-konut-projeleri-sosyal-ve-kulturel-tesisler-yapimi","status":"publish","type":"page","link":"https:\/\/nazmiakpinarproje.com.tr\/?page_id=1947","title":{"rendered":"Toplu Konut Projeleri, Sosyal ve K\u00fclt\u00fcrel Tesisler Yap\u0131m\u0131"},"content":{"rendered":"\t\t<div data-elementor-type=\"wp-page\" data-elementor-id=\"1947\" class=\"elementor elementor-1947\" data-elementor-post-type=\"page\">\n\t\t\t\t<div class=\"elementor-element elementor-element-fc3e0c0 e-flex e-con-boxed e-con e-parent\" data-id=\"fc3e0c0\" data-element_type=\"container\">\n\t\t\t\t\t<div class=\"e-con-inner\">\n\t\t\t\t<div class=\"elementor-element elementor-element-cfbb371 elementor-widget elementor-widget-text-editor\" data-id=\"cfbb371\" data-element_type=\"widget\" data-widget_type=\"text-editor.default\">\n\t\t\t\t<div class=\"elementor-widget-container\">\n\t\t\t\t\t\t\t<p><span><strong>Sosyal ve k\u00fclt\u00fcrel tesisler yap\u0131m\u0131 Kapsam\u0131nda;\u00a0<\/strong>Firmam\u0131z, her t\u00fcrl\u00fc al\u0131\u015fveri\u015f merkezleri, \u015fehir kul\u00fcb\u00fc, spor tesisleri, cami, park, y\u00fcr\u00fcy\u00fc\u015f ve dinlenme alanlar\u0131, \u00e7ay bah\u00e7eleri ve benzeri tesislerin plan ve projesiyle yap\u0131m\u0131n\u0131 en profesyonel bir \u015fekilde, en uygun maliyetlerde m\u00fc\u015fterilerine sunmaktad\u0131r.<\/span><\/p><p><\/p><p><span>Bu kapsamda Akp\u0131nar sanayi B\u00f6lgesi biti\u015fi\u011finde yer alan 130 dairelik\u00a0<strong>Nazmi Akp\u0131nar Konutlar\u0131\u00a0<\/strong>ve 720 dairelik<strong>\u00a0Had\u0131mk\u00f6y VEFA KONUTLARI 1\u00a0<\/strong>de Nazmi Akp\u0131nar Proje ve \u0130n\u015faat taraf\u0131ndan yap\u0131lm\u0131\u015ft\u0131r.<\/span><\/p><p><\/p><p><span>Toplu konut \u00e7er\u00e7evesinde VEFA 2 KONUTLARI ile\u00a0VEFA 3 KONUTLARI projelerinin yap\u0131m\u0131 yak\u0131nda tamamlanarak sat\u0131\u015fa sunulacakt\u0131r.<\/span><\/p><p><\/p>\t\t\t\t\t\t<\/div>\n\t\t\t\t<\/div>\n\t\t\t\t\t<\/div>\n\t\t\t\t<\/div>\n\t\t\t\t<\/div>\n\t\t","protected":false},"excerpt":{"rendered":"<p>Sosyal ve k\u00fclt\u00fcrel tesisler yap\u0131m\u0131 Kapsam\u0131nda;\u00a0Firmam\u0131z, her t\u00fcrl\u00fc al\u0131\u015fveri\u015f merkezleri, \u015fehir kul\u00fcb\u00fc, spor tesisleri, cami, park, y\u00fcr\u00fcy\u00fc\u015f ve dinlenme alanlar\u0131, \u00e7ay bah\u00e7eleri ve benzeri tesislerin plan ve projesiyle yap\u0131m\u0131n\u0131 en profesyonel bir \u015fekilde, en uygun maliyetlerde m\u00fc\u015fterilerine sunmaktad\u0131r. Bu kapsamda Akp\u0131nar sanayi B\u00f6lgesi biti\u015fi\u011finde yer alan 130 dairelik\u00a0Nazmi Akp\u0131nar Konutlar\u0131\u00a0ve [&hellip;]<\/p>\n","protected":false},"author":1,"featured_media":0,"parent":0,"menu_order":0,"comment_status":"closed","ping_status":"closed","template":"","meta":{"footnotes":""},"class_list":["post-1947","page","type-page","status-publish","hentry"],"_links":{"self":[{"href":"https:\/\/nazmiakpinarproje.com.tr\/index.php?rest_route=\/wp\/v2\/pages\/1947","targetHints":{"allow":["GET"]}}],"collection":[{"href":"https:\/\/nazmiakpinarproje.com.tr\/index.php?rest_route=\/wp\/v2\/pages"}],"about":[{"href":"https:\/\/nazmiakpinarproje.com.tr\/index.php?rest_route=\/wp\/v2\/types\/page"}],"author":[{"embeddable":true,"href":"https:\/\/nazmiakpinarproje.com.tr\/index.php?rest_route=\/wp\/v2\/users\/1"}],"replies":[{"embeddable":true,"href":"https:\/\/nazmiakpinarproje.com.tr\/index.php?rest_route=%2Fwp%2Fv2%2Fcomments&post=1947"}],"version-history":[{"count":4,"href":"https:\/\/nazmiakpinarproje.com.tr\/index.php?rest_route=\/wp\/v2\/pages\/1947\/revisions"}],"predecessor-version":[{"id":1956,"href":"https:\/\/nazmiakpinarproje.com.tr\/index.php?rest_route=\/wp\/v2\/pages\/1947\/revisions\/1956"}],"wp:attachment":[{"href":"https:\/\/nazmiakpinarproje.com.tr\/index.php?rest_route=%2Fwp%2Fv2%2Fmedia&parent=1947"}],"curies":[{"name":"wp","href":"https:\/\/api.w.org\/{rel}","templated":true}]}}