{"id":1354,"date":"2024-09-30T08:14:29","date_gmt":"2024-09-30T08:14:29","guid":{"rendered":"https:\/\/nazmiakpinarproje.com.tr\/?page_id=1354"},"modified":"2024-10-01T11:34:37","modified_gmt":"2024-10-01T11:34:37","slug":"kalite-politikamiz","status":"publish","type":"page","link":"https:\/\/nazmiakpinarproje.com.tr\/?page_id=1354","title":{"rendered":"Kalite Politikam\u0131z"},"content":{"rendered":"\t\t<div data-elementor-type=\"wp-page\" data-elementor-id=\"1354\" class=\"elementor elementor-1354\" data-elementor-post-type=\"page\">\n\t\t\t\t<div class=\"elementor-element elementor-element-8226d96 e-flex e-con-boxed e-con e-parent\" data-id=\"8226d96\" data-element_type=\"container\">\n\t\t\t\t\t<div class=\"e-con-inner\">\n\t\t\t\t<div class=\"elementor-element elementor-element-f3c2efc elementor-widget elementor-widget-text-editor\" data-id=\"f3c2efc\" data-element_type=\"widget\" data-widget_type=\"text-editor.default\">\n\t\t\t\t<div class=\"elementor-widget-container\">\n\t\t\t\t\t\t\t<h1 class=\"baslik1solsag\">Kalite Politikam\u0131z<\/h1><div class=\"orta-kutu-sol-sag orta-kutu-sol-sag-icerik\"><p><span>Faaliyet alanlar\u0131m\u0131z\u0131n her kademesinde, kalite standartlar\u0131na uyan, prosed\u00fcrleri dok\u00fcmante eden, h\u0131zla yenilenen \u00a0rekabet ko\u015fullar\u0131nda ba\u015far\u0131s\u0131n\u0131 s\u00fcrd\u00fcrebilen bir Kalite Sistem Politikas\u0131 izlemektir. Faaliyetlerinde; prosed\u00fcr ve imalat\u0131n her a\u015famas\u0131nda ihtiya\u00e7lar somut hedeflere g\u00f6re belirlenip, Kalite Y\u00f6netiminin etkinli\u011fi de\u011ferlendirilir.<\/span><\/p><p><\/p><p><span>M\u00fc\u015fterilerimizin devaml\u0131 olarak bizimle \u00e7al\u0131\u015fmalar\u0131n\u0131n, memnuniyetini sa\u011flamak ilk hedefimiz olarak belirlenmi\u015ftir. Bu memnuniyeti sa\u011flamak i\u00e7in sundu\u011fumuz hizmet ve \u00fcr\u00fcnde, kaliteyi birinci s\u0131rada tutmakt\u0131r.<\/span><\/p><p><\/p><p><span>Rekabet\u00e7i ve uygun kaliteye sahip faaliyet y\u00fcr\u00fctmek, \u00fcretim i\u00e7in gerekli olan malzeme \u00f6zelliklerini tayin etmek, standartlara uygunlu\u011funu kontrol edip en iyi sonu\u00e7lara ula\u015fmak i\u00e7in gerekli analizleri yap\u0131p standartlara uyan kaliteli bir \u00fcretim yapmak.<\/span><\/p><p><\/p><p><span>Geli\u015fmekte olan Proje ve in\u015faat\u00a0teknolojisini yak\u0131ndan takip etmek, internet, dergi ve \u00e7e\u015fitli kurulu\u015flar\u0131n d\u00fczenlemi\u015f oldu\u011fu panel, sempezyum vb. toplant\u0131lar\u0131 takip ederek sekt\u00f6r\u00fcndeki de\u011fi\u015fimi yak\u0131ndan izleyip, de\u011fi\u015fimleri standartlara uygun \u015fekilde uygulamak.<\/span><\/p><p><\/p><p><span>Kalite anlay\u0131\u015f\u0131n\u0131 bilimsellik temeline dayand\u0131rmak,<\/span><\/p><p><\/p><p><span>Faaliyet alan\u0131 ile ilgili t\u00fcm kurallara ve standartlara uymak,<\/span><\/p><p><\/p><p><span>Kalite bilincini b\u00fct\u00fcn kademelerde olu\u015fturmak ve geli\u015ftirmek,<\/span><\/p><p><\/p><p><span>Tam memnuniyeti ama\u00e7 edip, m\u00fc\u015fteri odakl\u0131 geli\u015fme stratejisini benimsemek,<\/span><\/p><p><\/p><p><span>\u015eirket verimlili\u011fi ve \u00fcr\u00fcn kalitesini geli\u015ftirerek m\u00fc\u015fteri portf\u00f6y\u00fcn\u00fc art\u0131rmak,<\/span><\/p><p><\/p><p><span>Hizmet ve \u00fcretimde uzman kadro ile m\u00fc\u015fterilere \u00f6zel \u00e7\u00f6z\u00fcmler ve beklentilerini a\u015fan \u00a0imkanlar sunmak,<\/span><\/p><p><\/p><p><span>M\u00fc\u015fterilerimiz ve sanayi sekt\u00f6r\u00fc ile olan ili\u015fkilerimizi s\u00fcrekli geli\u015ftirerek ileri teknoloji ve uygun maliyetli \u00fcr\u00fcnler sunmak,<\/span><\/p><p><\/p><p><span>Kurs ve e\u011fitimlerle \u00e7al\u0131\u015fanlar\u0131m\u0131z\u0131n motivasyonunu art\u0131r\u0131p, tak\u0131m ruhu ve kurum k\u00fclt\u00fcr\u00fcn\u00fc benimsemi\u015f, yenilik ve geli\u015fimleri takip eden proaktif bireyler olmalar\u0131n\u0131 sa\u011flamak,<\/span><\/p><p><\/p><p><span>Sorunlara ve ihtiya\u00e7lara kaliteli ve fonksiyonel \u00e7\u00f6z\u00fcmler \u00fcreterek \u00fclke ekonomisine katk\u0131da bulunmak,<\/span><\/p><p><\/p><p><span>Kat\u0131l\u0131mc\u0131 y\u00f6netim sistemi ile m\u00fc\u015fteri memnuniyetini sa\u011flamak,<\/span><\/p><p><\/p><p><span>S\u00fcrekli iyile\u015ftirme ve geli\u015ftirmeyi kontrol ve takip ederek hizmet ve \u00fcretimde standartlar\u0131n \u00fcst\u00fcne \u00e7\u0131kmay\u0131 hedefleyen anlay\u0131\u015f\u0131 yerle\u015ftirmektir.<\/span><\/p><p><\/p><p><\/p><p><span><strong>Kalite Y\u00f6netimi<\/strong><\/span><\/p><p><\/p><p><span>Nazmi Akp\u0131nar \u015eirketleri, m\u00fc\u015fterilerinin mevcut ve gelecekteki ihtiya\u00e7lar\u0131n\u0131 \u00f6ng\u00f6rebilen, m\u00fc\u015fteri \u015fartlar\u0131 ve beklentilerini a\u015fabilecek plan ve uygulama g\u00fcc\u00fcne sahip,<\/span><\/p><p><\/p><p><span>Kat\u0131l\u0131mc\u0131 ve payla\u015f\u0131mc\u0131 liderlik yakla\u015f\u0131m\u0131 ile organizasyon, y\u00f6n ve ama\u00e7 birli\u011fi do\u011frultusunda hedeflere topluca ula\u015fmay\u0131 sa\u011flayacak y\u00f6netim anlay\u0131\u015f\u0131n\u0131 benimseyen,<\/span><\/p><p><\/p><p><span>S\u00fcrekli iyile\u015ftirme ve geli\u015ftirmeyi kontrol ve takip ederek, hizmet ve \u00fcretimde standartlar\u0131n \u00fcst\u00fcne \u00e7\u0131kmay\u0131 hedefleyen bir sistem yakla\u015f\u0131m\u0131 anlay\u0131\u015f\u0131na sahiptir.<\/span><\/p><p><\/p><p><\/p><p><span><strong>Nazmi Akp\u0131nar \u015eirketleri \u00a0Kalite Plan\u0131<\/strong><\/span><\/p><p><\/p><p><span><strong>Nazmi Akp\u0131nar \u015eirketleri<\/strong>\u00a0Kalite Plan\u0131n\u0131n Amac\u0131; kalite y\u00f6netim sisteminin ihtiya\u00e7lar\u0131na<strong>\u00a0<\/strong>g\u00f6re,<strong>\u00a0ISO 9001-2000\u00a0<\/strong>standartlar\u0131na \u015firket baz\u0131nda haz\u0131rlanmakt\u0131r. \u0130\u015fveren ve m\u00fc\u015fteri ihtiya\u00e7lar\u0131; ilgili yasa, y\u00f6netmelik ve s\u00f6zle\u015fme \u00e7er\u00e7evesinde ger\u00e7ekle\u015ftirilmektedir.<\/span><\/p><p><\/p><p><\/p><p><span><strong>Bu ama\u00e7la;<\/strong><\/span><\/p><p><\/p><p><span>Sundu\u011fu t\u00fcm hizmetlerin, \u015firket prensiplerine ve i\u015fverenlerinin beklentilerine uygun olmas\u0131n\u0131, gerekli t\u00fcm \u00f6nlemlerin al\u0131nmas\u0131n\u0131 ve mevcut kalite y\u00f6netim sisteminin s\u00fcrekli iyile\u015ftirilmesini,<\/span><\/p><p><\/p><p><span>Kalite Y\u00f6netim Sistemi vas\u0131tas\u0131 ile kurulu\u015fundan bug\u00fcne elde etti\u011fi birikiminin sistematik bir y\u00f6ntemle mevcut ve gelecekteki i\u015flere aktar\u0131lmas\u0131n\u0131,<\/span><\/p><p><\/p><p><span>Kar\u015f\u0131la\u015f\u0131lan bir hatan\u0131n ele al\u0131nmas\u0131, de\u011ferlendirilmesi, tekrar\u0131n\u0131n \u00f6nlenmesi amac\u0131yla d\u00fczeltici faaliyetlerin ba\u015flat\u0131lmas\u0131 ve y\u00fcr\u00fct\u00fclmesi i\u00e7in kurallar\u0131n belirlenmesi ve uygulamaya al\u0131nmas\u0131n\u0131,<\/span><\/p><p><\/p><p><span>Makine ihtiyac\u0131n\u0131n kar\u015f\u0131lanmas\u0131, makinelerin kontrol\u00fc, periyodik bak\u0131mlar\u0131n\u0131n planlanmas\u0131 ve ger\u00e7ekle\u015ftirilmesi, ar\u0131za durumunda gerekenin yap\u0131lmas\u0131n\u0131 ve kay\u0131tlar\u0131n\u0131n tutulmas\u0131n\u0131,<\/span><\/p><p><\/p><p><span>Bilginin korunmas\u0131 ve gizlili\u011fi gereken konularda kullan\u0131c\u0131 haklar\u0131n\u0131n tan\u0131mlanmas\u0131 ile bilgi sisteminde gereken g\u00fcvencenin sa\u011flanmas\u0131n\u0131,<\/span><\/p><p><\/p><p><span>\u0130malat, kalite kontrol faaliyetleri, yer teslimleri, hata-eksik-kusurlu imalatlar\u0131n y\u00f6netimi (tespit, d\u00fczeltme ve kay\u0131t), \u00f6l\u00e7\u00fcm cihazlar\u0131n\u0131n uygunlu\u011funun sa\u011flanmas\u0131 (kalibrasyon ve do\u011frulama), makine-ekipman bak\u0131m\u0131 ve takip sistemi, imalatlar\u0131n korunmas\u0131 ve temizlik, puantajlar, alty\u00fcklenicilerin izlenmesini,<\/span><\/p><p><\/p><p><span>Etkinli\u011fi ve verimlili\u011fi etkileyebilecek t\u00fcm s\u00fcre\u00e7lerin kontrol alt\u0131na al\u0131nmas\u0131n\u0131, y\u00f6netilmesini ve aralar\u0131ndaki ili\u015fkileri g\u00f6stermek amac\u0131yla dok\u00fcmante edilmesini,<\/span><\/p><p><\/p><p><span>Organizasyon yap\u0131s\u0131n\u0131n kalite plan\u0131na uygun olarak olu\u015fturulmas\u0131 ve kalite bilincinin t\u00fcm \u00e7al\u0131\u015fanlara yay\u0131lmas\u0131n\u0131 sa\u011flar.<\/span><\/p><\/div>\t\t\t\t\t\t<\/div>\n\t\t\t\t<\/div>\n\t\t\t\t\t<\/div>\n\t\t\t\t<\/div>\n\t\t\t\t<\/div>\n\t\t","protected":false},"excerpt":{"rendered":"<p>Kalite Politikam\u0131z Faaliyet alanlar\u0131m\u0131z\u0131n her kademesinde, kalite standartlar\u0131na uyan, prosed\u00fcrleri dok\u00fcmante eden, h\u0131zla yenilenen \u00a0rekabet ko\u015fullar\u0131nda ba\u015far\u0131s\u0131n\u0131 s\u00fcrd\u00fcrebilen bir Kalite Sistem Politikas\u0131 izlemektir. Faaliyetlerinde; prosed\u00fcr ve imalat\u0131n her a\u015famas\u0131nda ihtiya\u00e7lar somut hedeflere g\u00f6re belirlenip, Kalite Y\u00f6netiminin etkinli\u011fi de\u011ferlendirilir. M\u00fc\u015fterilerimizin devaml\u0131 olarak bizimle \u00e7al\u0131\u015fmalar\u0131n\u0131n, memnuniyetini sa\u011flamak ilk hedefimiz olarak belirlenmi\u015ftir. Bu [&hellip;]<\/p>\n","protected":false},"author":1,"featured_media":0,"parent":0,"menu_order":0,"comment_status":"closed","ping_status":"closed","template":"","meta":{"footnotes":""},"class_list":["post-1354","page","type-page","status-publish","hentry"],"_links":{"self":[{"href":"https:\/\/nazmiakpinarproje.com.tr\/index.php?rest_route=\/wp\/v2\/pages\/1354","targetHints":{"allow":["GET"]}}],"collection":[{"href":"https:\/\/nazmiakpinarproje.com.tr\/index.php?rest_route=\/wp\/v2\/pages"}],"about":[{"href":"https:\/\/nazmiakpinarproje.com.tr\/index.php?rest_route=\/wp\/v2\/types\/page"}],"author":[{"embeddable":true,"href":"https:\/\/nazmiakpinarproje.com.tr\/index.php?rest_route=\/wp\/v2\/users\/1"}],"replies":[{"embeddable":true,"href":"https:\/\/nazmiakpinarproje.com.tr\/index.php?rest_route=%2Fwp%2Fv2%2Fcomments&post=1354"}],"version-history":[{"count":4,"href":"https:\/\/nazmiakpinarproje.com.tr\/index.php?rest_route=\/wp\/v2\/pages\/1354\/revisions"}],"predecessor-version":[{"id":1531,"href":"https:\/\/nazmiakpinarproje.com.tr\/index.php?rest_route=\/wp\/v2\/pages\/1354\/revisions\/1531"}],"wp:attachment":[{"href":"https:\/\/nazmiakpinarproje.com.tr\/index.php?rest_route=%2Fwp%2Fv2%2Fmedia&parent=1354"}],"curies":[{"name":"wp","href":"https:\/\/api.w.org\/{rel}","templated":true}]}}