{"id":1338,"date":"2024-09-30T08:14:29","date_gmt":"2024-09-30T08:14:29","guid":{"rendered":"https:\/\/nazmiakpinarproje.com.tr\/?page_id=1338"},"modified":"2024-10-01T10:12:58","modified_gmt":"2024-10-01T10:12:58","slug":"teknik-danismanlik","status":"publish","type":"page","link":"https:\/\/nazmiakpinarproje.com.tr\/?page_id=1338","title":{"rendered":"Teknik Dan\u0131\u015fmanl\u0131k"},"content":{"rendered":"\t\t<div data-elementor-type=\"wp-page\" data-elementor-id=\"1338\" class=\"elementor elementor-1338\" data-elementor-post-type=\"page\">\n\t\t\t\t<div class=\"elementor-element elementor-element-53dbd0c e-flex e-con-boxed e-con e-parent\" data-id=\"53dbd0c\" data-element_type=\"container\">\n\t\t\t\t\t<div class=\"e-con-inner\">\n\t\t\t\t<div class=\"elementor-element elementor-element-3eefa13 elementor-widget elementor-widget-text-editor\" data-id=\"3eefa13\" data-element_type=\"widget\" data-widget_type=\"text-editor.default\">\n\t\t\t\t<div class=\"elementor-widget-container\">\n\t\t\t\t\t\t\t<p><b>Teknik Dan\u0131\u015fmanl\u0131k<br><\/b>\u015eirketlerimiz; faaliyet g\u00f6sterdi\u011fi sekt\u00f6rde, kaliteli projeler \u00fcretmeyi ama\u00e7lamaktad\u0131r. \u015eirketimiz; konusunda uzman ve deneyimli teknik kadrosuyla, ulusal ve uluslararas\u0131 teknik standartlardaki y\u00f6netmelik ve \u015fartnamelere uygun, ekonomik, teknik dan\u0131\u015fmanl\u0131k, uygulanabilir ve i\u015fletmelerin ihtiya\u00e7lar\u0131na cevap verebilecek proje, kontroll\u00fck, m\u00fchendislik, \u00e7evre, jeoloji, jeoteknik, sondaj konular\u0131nda kurumsal dan\u0131\u015fmanl\u0131k hizmetleri sunmakta ve hizmetlerini hedeflenen s\u00fcreler i\u00e7erisinde tamamlayarak m\u00fc\u015fterilerine teslim etmektedir.<\/p>\n<p>\u015eirketlerimiz; Projelendirme hizmetleri, et\u00fct ve fizibilite hizmetleri, planlama hizmetleri, ara\u015ft\u0131rma ve geli\u015ftirme hizmetleri, ke\u015fif-\u015fartname-ihale dosyas\u0131 d\u00fczenleme hizmetleri, hakedi\u015f ve kesin hesap hizmetleri, mesleki kontroll\u00fck hizmetleri ve \u00e7evresel etki de\u011ferlendirme hizmetleriyle ilgili her t\u00fcrl\u00fc i\u015flemleri profesyonel bir anlay\u0131\u015f i\u00e7erisinde s\u00fcrd\u00fcrmektedir.<\/p>\n<p><b>Plan, Proje, Tasar\u0131m ve Et\u00fcd Hizmetleri<\/b><\/p>\n<p>\u015eirketlerimiz; a\u015fa\u011f\u0131daki alanlarda h\u0131zl\u0131, g\u00fcvenilir, kaliteli ve uygun maliyetli hizmetler sunmaktad\u0131r. Plan-Proje-tasar\u0131m ve et\u00fcd hizmetleri, mimarl\u0131k ve m\u00fchendislik hizmetleri, m\u00fcteahhitlik hizmetleri yan\u0131nda alt yap\u0131, sanayi tesisleri, sosyal ve k\u00fclt\u00fcrel tesisler yap\u0131m\u0131 alan\u0131nda hizmet veren Akp\u0131nar Proje ve \u0130n\u015faat, bir \u00e7ok projeyi ayn\u0131 anda y\u00fcr\u00fctebilecek geni\u015f ve deneyimli kadrosuyla a\u015fa\u011f\u0131daki alanlarda faaliyetlerini s\u00fcrd\u00fcrmektedir. B\u00fcy\u00fck \u00f6l\u00e7ekli kentsel tasar\u0131m projelerinden sanayi yap\u0131lar\u0131na, villalardan betonarme ve \u00e7elik yap\u0131lara her konu en k\u00fc\u00e7\u00fck detay\u0131na kadar haz\u0131rlanmakta ve in\u015faat bitimine kadar takip edilmektedir.<\/p>\n<p><b>Firmam\u0131z faaliyetlerini;<\/b><\/p>\n<p>Kaba in\u015faat i\u015fleri, ince ve anahtar teslimi in\u015faat i\u015fleri, prefabrik in\u015faat i\u015fleri ve \u00e7elik yap\u0131 plan\u0131 ve projesi,<br>Al\u0131\u015fveri\u015f merkezleri, \u015fehir kul\u00fcb\u00fc, spor tesisleri, cami, park,y\u00fcr\u00fcy\u00fc\u015f ve dinlenme alanlar\u0131 ve \u00e7ay bah\u00e7eleri plan\u0131 ve projesi, ,<br>Is\u0131tma, havaland\u0131rma ve tesisat m\u00fchendisli\u011fi plan\u0131 ve projesi,<br>Kamu ve \u00f6zel sekt\u00f6r hizmet binalar\u0131 plan\u0131 ve projesi,<br>Ke\u015fif ve Metraj hesaplamas\u0131,<br>\u00c7evre d\u00fczeni plan\u0131 ve projesi,<br>Kanalizasyon, ya\u011fmur suyu ve at\u0131k su hatlar\u0131 ve drenaj plan\u0131 ve projesi,<br>Yol, su, elektrik ve telefon hatlar\u0131 plan\u0131 ve projesi,<br>Hafriyat i\u015fleri, kaz\u0131kl\u0131 sistemler, her t\u00fcrl\u00fc izalasyon ve peysaj i\u015fleri plan\u0131 ve projesi<br>ve benzeri alanlarda s\u00fcrd\u00fcrmektedir.<\/p>\n<p>\u015eirketlerimiz; pek \u00e7ok projeyi ba\u015far\u0131yla s\u00fcrd\u00fcrmektedir. Akp\u0131nar Sanayi B\u00f6lgesi i\u00e7inde, sanayicimizin ihtiyac\u0131na cevap verecek her t\u00fcrl\u00fc fabrika, i\u015f merkezi, depolama tesisi, ticaret merkezi, sa\u011fl\u0131k merkezi, akaryak\u0131t istasyonu vb. tesisleri, uluslararas\u0131 kalite ve standartlara uygun olarak \u00fcretmeye ve sunmaya devam etmektedir.<\/p>\n<p>\u015eirketlerimiz; hem in\u015faat, hem de proje alanlar\u0131nda ba\u015flatm\u0131\u015f oldu\u011fu faaliyetlerini g\u00fcn\u00fcn teknolojik \u015fartlar\u0131nda, deneyimli kadrosu ile zaman\u0131nda yerine getirmede g\u00f6sterdi\u011fi hassasiyet ile sekt\u00f6r\u00fcnde yerini alm\u0131\u015ft\u0131r.<\/p>\n<p>\u015eirketlerimiz; imar, in\u015faat ve proje ak\u0131\u015f\u0131n\u0131n d\u00fczg\u00fcn, h\u0131zl\u0131 ve kulland\u0131\u011f\u0131 ileri teknolojinin verimli olabilmesi i\u00e7in gerekli teknik destek, personel ve ekipmanlara sahiptir. Proje grubumuzun uzman personeli; her t\u00fcrl\u00fc yap\u0131n\u0131n statik-dinamik \u00e7\u00f6z\u00fcmlerinde, \u00fc\u00e7 boyutlu analiz yaz\u0131l\u0131mlar\u0131n\u0131 ve ekipmanlar\u0131n\u0131 kullanmaktad\u0131r. Yap\u0131 modeli haz\u0131rlan\u0131p; boyutlama, optimizasyon ve problemin \u00e7\u00f6z\u00fcm\u00fc \u00fc\u00e7 boyutlu ortamlarda yap\u0131l\u0131r. De\u011fi\u015fik y\u00fck, deprem ve r\u00fczgar etkisi alt\u0131nda, yap\u0131 davran\u0131\u015f\u0131 animasyonlar\u0131 izlenerek yap\u0131n\u0131n ger\u00e7ekte maruz kalaca\u011f\u0131 y\u00fckler ve etkileri tespit edilir ve yap\u0131 buna g\u00f6re projelendirilir. Ayr\u0131ca yap\u0131n\u0131n ta\u015f\u0131y\u0131c\u0131 konstr\u00fcksiyon projesi de 3 boyutlu ortamlarda olu\u015fturularak sistemin kurulmas\u0131, detaylar\u0131n olu\u015fturulmas\u0131 ve de\u011fi\u015ftirilmesi, eksiksiz ve m\u00fckemmel bir \u015fekilde ger\u00e7ekle\u015ftirilir. B\u00f6ylece mimarlara, yap\u0131 sahibine ve uygulama ekibine daha kapsaml\u0131 bilgiler sunulur. \u00dc\u00e7 boyutlu entegrasyon sayesinde hi\u00e7 bir tasar\u0131m hatas\u0131 yap\u0131lmamaktad\u0131r. Yap\u0131n\u0131n tamam\u0131 \u00fc\u00e7 boyutlu modellendi\u011fi i\u00e7in, bina i\u00e7inde gezerek ve gerekli kesitleri inceleyerek her detay kontrol edilmektedir.<\/p>\n<p><b>Zemin et\u00fcd\u00fc<\/b><\/p>\n<p>Son deprem y\u00f6netmeli\u011fi paralelinde gerekli zemin sondajlar\u0131 ve et\u00fcdleri yap\u0131larak Jeoloji M\u00fchendisleri Odas\u0131 onayl\u0131 zemin ve temel et\u00fcd raporlar\u0131na ba\u011fl\u0131 olarak t\u00fcm statik hesaplamalar yap\u0131lmaktad\u0131r.<\/p>\n<p>Yap\u0131lan zemin et\u00fcd\u00fcne ba\u011fl\u0131 kal\u0131narak bilgisayar ortam\u0131nda statik hesaplar yap\u0131lmakta ve bulunan de\u011ferlere g\u00f6re deprem perdeleri yerle\u015ftirilmekte ve radye temel \u00fczerine betonarme kolon ve perdeler ile kiri\u015fli d\u00f6\u015feme sistemi uygulanmaktad\u0131r.<\/p>\n<p>Zemin et\u00fcd\u00fc ve zemin \u0131slah konular\u0131nda a\u015fa\u011f\u0131daki uygulamalar yap\u0131lmaktad\u0131r: zemin sondaj\u0131, mini kaz\u0131k, fore kaz\u0131k, ankraj, jetgrouth, istinat duvar\u0131, jeofizik \u2013 jeolojik et\u00fcd ve iksa projeleri ve raporlamas\u0131 yap\u0131lmaktad\u0131r.<\/p>\n<p><b>Mimarl\u0131k ve M\u00fchendislik hizmetleri<\/b><\/p>\n<p>\u015eirketlerimiz; deneyimli kadrosu ile her t\u00fcrl\u00fc mimari ve m\u00fchendislik konusunda hizmet vermektedir. Kaliteli mekanlarda olu\u015fturdu\u011fu mimari proje ve tasar\u0131mlarla hayat\u0131n\u0131z\u0131 kolayla\u015ft\u0131rmaya devam etmektedir.<\/p>\t\t\t\t\t\t<\/div>\n\t\t\t\t<\/div>\n\t\t\t\t\t<\/div>\n\t\t\t\t<\/div>\n\t\t\t\t<\/div>\n\t\t","protected":false},"excerpt":{"rendered":"<p>Teknik Dan\u0131\u015fmanl\u0131k\u015eirketlerimiz; faaliyet g\u00f6sterdi\u011fi sekt\u00f6rde, kaliteli projeler \u00fcretmeyi ama\u00e7lamaktad\u0131r. \u015eirketimiz; konusunda uzman ve deneyimli teknik kadrosuyla, ulusal ve uluslararas\u0131 teknik standartlardaki y\u00f6netmelik ve \u015fartnamelere uygun, ekonomik, teknik dan\u0131\u015fmanl\u0131k, uygulanabilir ve i\u015fletmelerin ihtiya\u00e7lar\u0131na cevap verebilecek proje, kontroll\u00fck, m\u00fchendislik, \u00e7evre, jeoloji, jeoteknik, sondaj konular\u0131nda kurumsal dan\u0131\u015fmanl\u0131k hizmetleri sunmakta ve hizmetlerini hedeflenen s\u00fcreler [&hellip;]<\/p>\n","protected":false},"author":1,"featured_media":0,"parent":0,"menu_order":0,"comment_status":"closed","ping_status":"closed","template":"","meta":{"footnotes":""},"class_list":["post-1338","page","type-page","status-publish","hentry"],"_links":{"self":[{"href":"https:\/\/nazmiakpinarproje.com.tr\/index.php?rest_route=\/wp\/v2\/pages\/1338","targetHints":{"allow":["GET"]}}],"collection":[{"href":"https:\/\/nazmiakpinarproje.com.tr\/index.php?rest_route=\/wp\/v2\/pages"}],"about":[{"href":"https:\/\/nazmiakpinarproje.com.tr\/index.php?rest_route=\/wp\/v2\/types\/page"}],"author":[{"embeddable":true,"href":"https:\/\/nazmiakpinarproje.com.tr\/index.php?rest_route=\/wp\/v2\/users\/1"}],"replies":[{"embeddable":true,"href":"https:\/\/nazmiakpinarproje.com.tr\/index.php?rest_route=%2Fwp%2Fv2%2Fcomments&post=1338"}],"version-history":[{"count":4,"href":"https:\/\/nazmiakpinarproje.com.tr\/index.php?rest_route=\/wp\/v2\/pages\/1338\/revisions"}],"predecessor-version":[{"id":1472,"href":"https:\/\/nazmiakpinarproje.com.tr\/index.php?rest_route=\/wp\/v2\/pages\/1338\/revisions\/1472"}],"wp:attachment":[{"href":"https:\/\/nazmiakpinarproje.com.tr\/index.php?rest_route=%2Fwp%2Fv2%2Fmedia&parent=1338"}],"curies":[{"name":"wp","href":"https:\/\/api.w.org\/{rel}","templated":true}]}}